3*f, 3*r - 4*f - 130 = 0. Is r prime?
False
Suppose 35*p - 31*p = -360. Let o = -21 - p. Is o prime?
False
Let h(v) = v**3 + v**2 + 1. Let x(o) = o**3 - 7*o**2 + 4. Let p(l) = -2*h(l) + x(l). Let i be p(-9). Suppose -141 = -i*q + 13. Is q prime?
False
Suppose 5*a + 11 = -p + 2, -5*p - a = -3. Let j(k) = 478*k + 1. Is j(p) composite?
False
Let u be 14/3*(-36)/(-8). Let c be (-1)/(-3) - 70/u. Is ((-9)/c)/(2/254) composite?
True
Suppose 0*r + 8331 = 3*r. Suppose -o + r = -f, -o + 2783 = 2*f - 0*f. Is o a composite number?
True
Suppose -38 = -d - 34. Is -2*(0 - 582/d)*1 composite?
True
Suppose -5*i = 4*v + 17, -4*v + 4*i - 11 - 33 = 0. Suppose -6*g - 85 = 29. Let y = v - g. Is y a prime number?
True
Suppose 3 = 13*a - 12*a. Suppose -4*h = -a*n + 1639, 12 = 3*h - 6*h. Is n a composite number?
False
Suppose -3*m = 3*o + 2*o - 20170, -3*o = -2*m - 12083. Let k = o - 2052. Is k a composite number?
False
Let y(h) = 13*h + 2 + 0 + 4 - 59*h. Let r be y(6). Let i = r - -493. Is i a prime number?
True
Let h(o) = -o**2 - 7*o + 1. Let n be h(-5). Suppose g + 5*w + n = 0, -g + 0 = -w - 1. Is (2/(-4))/(g/894) a composite number?
True
Is ((-1 - -3)/(-4))/((-3)/123042) prime?
True
Let n(c) = -5*c**3 - 22*c**2 - 21*c - 59. Is n(-14) prime?
True
Suppose 0 = -13*h - 18*h + 244931. Is h a composite number?
False
Let j = 0 + 5. Suppose -j*n - 3*k + 8 = -1, -3*n + 17 = -4*k. Suppose -5*u - 2*p - 28 + 293 = 0, -n*u = 4*p - 159. Is u composite?
False
Let q be (-6)/(-27) + 764/9*2. Let f = -43 + q. Is f a prime number?
True
Let t = -1793 - -4578. Is t composite?
True
Let s be ((-1)/(-2))/(4/240). Suppose u - s = 16. Is u a prime number?
False
Let i(m) = -5485*m**3 - m**2 - m. Suppose 3*f + 15 = 0, 0*d + 3*f = d - 14. Let x be i(d). Suppose 7*h = 2*h + x. Is h a composite number?
False
Let p(v) = 223*v**2. Suppose 0 = d - 5 - 5. Let j be (-3)/5 - 4/d. Is p(j) prime?
True
Let g = -80175 - -134444. Is g a prime number?
True
Let z be 3/(-18)*2*-6 + 1443. Let l = z + -328. Is l a composite number?
False
Suppose 0 = -10*i + 371136 + 200714. Is i prime?
False
Let v(w) = w**3 + 16*w**2 + w + 17. Let l be 2 - (3 + (-30)/(-2)). Let k be v(l). Is (0 - k)*(-76 + 2) prime?
False
Suppose 0 = 10*j - 5*j + 60. Let y(w) = -13*w + 31. Is y(j) a prime number?
False
Let b(m) = -61*m**3 + 9*m**2 - 5*m - 8. Is b(-5) a prime number?
True
Suppose 380 - 2312 = -3*r + 3*w, 4*w = -2*r + 1318. Is r composite?
True
Let t(p) = 3*p + 12. Let f be t(-6). Let d be 0 - f/9*3. Suppose 5*y - y - 1870 = 2*c, d*c + 932 = 2*y. Is y a composite number?
True
Suppose 5*m - y - 73 = 0, 4*m = m + 2*y + 48. Suppose 0 = -0*z - 3*z + 48. Suppose m*t - z*t = -508. Is t a prime number?
False
Let y(k) = -2*k - 3*k + 3*k. Let j be y(-1). Suppose -p - j*l + 5*l + 59 = 0, 0 = -5*p + l + 365. Is p a prime number?
False
Suppose 26*x - 246178 = 54876. Is x composite?
False
Suppose 2*v - 30490 = -8*v. Is v composite?
False
Suppose -i + 21686 = -5*x, 0*i - 4*i + x = -86649. Is i a prime number?
True
Is ((-40490)/(-30))/(-3 + 19/6) prime?
False
Suppose -5*u + 39 = 2*f, -3*u + f + 17 = -2. Suppose -u*g + 8*g - 1693 = 0. Is g prime?
True
Let s = 401 + 7206. Is s a composite number?
False
Let u(y) be the first derivative of y**4/2 - 2*y**3 + 3*y**2 + 9*y + 2. Let p = 19 + -12. Is u(p) prime?
True
Let s(r) = -r**2 + 3*r + 4. Let f be s(-2). Let h(a) = 2*a**2 + 7*a - 6. Let u be h(f). Let y = u - 1. Is y composite?
False
Suppose -5*s + 746201 = 2*a, -3*a - 6 = -5*a. Is s composite?
False
Let n(o) = 37*o**2 - o + 7. Let z(l) = -l**3 + 5*l**2 - 4*l + 2. Let m be z(4). Let u be m + (-2)/(-3 + 1). Is n(u) composite?
False
Is (-9335)/15*(-2 - 1) a prime number?
True
Let o(s) = 2*s - 1. Let n be o(6). Let c(m) = m**3 - 10*m**2 - 11*m - 9. Let j be c(n). Is 34*((-198)/4)/j a composite number?
True
Let t(a) = -15*a + 4. Let w(k) = k**3 - 7*k**2 - 7*k + 7. Let f be w(8). Let p = f + -21. Is t(p) a composite number?
True
Suppose -6*h + h = l - 1511, -l + 4*h + 1511 = 0. Is l a prime number?
True
Is 20783120/432 + (-14)/189 composite?
False
Let a(h) = -h. Let q(g) = 14*g - 14. Let y(k) = -6*a(k) + q(k). Let r be 2 + 9 + 0 - 3. Is y(r) composite?
True
Let f = -37 - -34. Let t be ((-3)/(-4))/((-1)/4). Is 1 - (t - (-267)/f) prime?
False
Let f be 6/(-18) + 16/3. Suppose -2*p = -f*x + 13, 2*x + 32 = 2*p + 6*x. Suppose -p*w + w - 2*y + 825 = 0, -4*w = -y - 647. Is w a prime number?
True
Suppose 9*q - 12318 = 3*q. Is q a prime number?
True
Let o be 261/27 + (-4)/6. Let j be (-1)/((-1)/o) - 4. Suppose 0 = -3*u - 4*f + 973, j*u + 3*f + 0*f = 1640. Is u prime?
True
Let w = 53613 - -23784. Is w a composite number?
True
Let r be 0 + 4/(-4) + -605. Let a = r + 1579. Is a prime?
False
Let o be 0*(-3 - 7/(-2)). Suppose o = -x + 1951 - 632. Is x a prime number?
True
Let u = 1105 - -128. Suppose 5*b + 4*a + 0*a - u = 0, -974 = -4*b + 3*a. Suppose -407 - b = -4*m. Is m composite?
False
Let x(g) = g**2 + 9*g - 31. Is x(-14) prime?
False
Let p(i) = -2*i. Let s be p(-1). Suppose -s*j + 42 = 46. Is 24860/30 - j/6 a composite number?
False
Let k(f) = -153*f - 125. Is k(-14) a composite number?
False
Let z(w) = 12797*w + 52. Is z(3) composite?
True
Let h be (-4)/(-5)*730/4. Suppose -3*m - v = -1146, v = 2*m - v - 756. Let o = m - h. Is o a composite number?
True
Suppose 0*i - 4*d = 2*i - 10, 0 = 4*i - 3*d - 9. Let b be i/(-9) - 4070/(-15). Suppose -2*y - 2*y + 4*x = -236, 5*y + x - b = 0. Is y composite?
True
Let c = -10 - -4. Let r(b) = 15*b**2 + 5*b - 8. Is r(c) a composite number?
True
Suppose 9*x - 18 = 12*x. Is x/(-39) + (-33929)/(-91) prime?
True
Suppose -6094 = -5*n + 891. Is n prime?
False
Suppose 25*j = 30*j - 3935. Is j a composite number?
False
Let p = 705 - 482. Is p a composite number?
False
Suppose 0 = 4*j, -9 = -5*f + 5*j + 6. Suppose f*c + 2 = -l + 13, 0 = l - 2*c + 9. Is (l/3)/((-6)/54) composite?
False
Let q be (-5)/((-3)/(-2) - 2). Suppose 0 = -0*h + 2*h + q, 2*w = -h + 7. Suppose 1865 = w*z - z. Is z prime?
True
Let g be ((-114)/(-12))/(2/(-4)). Let o = 22 + g. Let s(w) = 7*w**2 - 4*w + 2. Is s(o) composite?
False
Suppose 0 = -2*g + 5*g - 12. Suppose -g*u - 58 = -b, 0 = -b + 5*b - 4*u - 280. Is b prime?
False
Suppose -u - 5*m = -4*u + 6112, 0 = m - 1. Is u prime?
True
Let x(d) = 2*d**2 - d + 1. Let b be x(1). Let o = 19 - 17. Suppose -b*n + 170 = u, -3*u = -3*n + o*u + 255. Is n a prime number?
False
Suppose 0 = 7*u - 15*u + 4904. Is u prime?
True
Let d(m) = -m**3 - m**2 + 1. Let l(v) = 5*v**3 + 29*v**2 - 9*v - 10. Let h(f) = 4*d(f) + l(f). Is h(-23) composite?
False
Let w = 25025 + -17574. Is w composite?
False
Let t(m) = 19*m**2 + 16*m - 26. Let w = 33 + -16. Is t(w) composite?
False
Let h = 10 - 7. Let j(l) = 5*l + 9. Let y be j(-8). Let k = h - y. Is k prime?
False
Let a = 80 - -47. Suppose -668 = -r - a. Is r a composite number?
False
Let o = 14 + -11. Suppose o*m - 10 = -2*m. Is -7*(243/(-3) + m) a composite number?
True
Suppose -6*w - 14 = -13*w. Is -1739*w/6*-3 prime?
False
Let w = 58786 - 31013. Is w a composite number?
False
Suppose 15*t = 17*t - 54. Let k be 48/t + 2/9. Is k*(-86)/4*-2 a composite number?
True
Suppose 2639 = -7*s + 20*s. Is s a prime number?
False
Let q = -3875 - -8808. Let f = q + -2754. Is f a prime number?
True
Let o(b) = b**3 + 15*b**2 + 5*b + 1. Let l(j) = -3*j - 7. Let c be l(0). Let w be (c - (1 - 3)) + -3. Is o(w) composite?
False
Suppose 4*o - 17 = k - 0*o, -2*o + 12 = -4*k. Is k + 4 + (2043 - -7) prime?
True
Let d(v) = -v**3 + 13*v**2. Let g be d(13). Suppose 4*r + 61 = o, -2*o + 2 = -g*o. Is (-924)/r - 2/(-5) a prime number?
False
Let z(n) be the third derivative of -n**5/60 - 5*n**4/12 + n**3/2 + 6*n**2. Let p be z(-10). Suppose 0 = -h + p*h - 854. Is h a composite number?
True
Is ((-15)/5)/3 + 1 + 247 a prime number?
False
Is (6/(-4) - -2)/(16/11936) composite?
False
Suppose -3*f + 46 - 13 = 3*d, -4*d - 3*f + 39 = 0. Suppose 0 = -d*h - 0*h + 18. Suppose -h*r - 2*r + 3055 = 0. Is r composite?
True
Suppose 3*i = -i + 2*j + 6, i + 16 = 4*j. Suppose 0 = -0*y - y + 5, -i*w + 1216 = 4*y. Is w a prime number?
False
Let k = -2390 + 3487. Is k composite?
False
Suppose -4*r + 407 = 3*y, 5*y - 4*r = 991 - 270. Let h = y - 2. Is h prime?
True
Let n = -43731 - -64084. Is n a prime number?
True
Suppose 2*l - 7*l = -1